ivided by 370/22 + (-28)/z.
16
Let g(b) = b**3 - 5*b**2 + 4*b - 15. Suppose -4*n + 3943 = -2337. What is the remainder when -4*(-3)/(-54) - n/(-18) is divided by g(6)?
42
Let n(q) = -7*q - 38. Suppose 4*o - 3 + 35 = -2*a, 3*a + 68 = 4*o. Calculate the remainder when n(a) is divided by 21.
18
Let l(r) = 103*r + 13. Let g be l(5). Let j be 6/10 + g/20. Let y = 78 - j. Calculate the remainder when 203 is divided by y.
50
Let u = 224 - 132. Suppose 0 = -5*k + 3*y + 2425, -939 = 5*k - 7*k - 5*y. Let j = k + -458. What is the remainder when u is divided by j?
20
What is the remainder when (-29632)/(-208)*169/26 is divided by 93?
89
Suppose -8*j = -16*j + 88. Suppose -2*b + 20 = -4*l - 10, 2*b = -2*l + 6. What is the remainder when b is divided by 17/4 - j/44?
3
Suppose 2*s = 4*s. Suppose t - 4 - 12 = s. Let h(d) = 6*d**2 + 7*d + 11. Calculate the remainder when h(-4) is divided by t.
15
Suppose 15739 = -43*b + 16986. Calculate the remainder when 880 is divided by b.
10
Suppose -72 = -5*x + u, 44*x + 2*u = 40*x + 38. Calculate the remainder when 25 is divided by x.
12
Let f(k) = -k**3 + 6*k**2 + 2*k - 3. What is the remainder when 366/(-8)*-9*(-48)/(-324) is divided by f(6)?
7
Suppose -246*a + 127 = -240*a - 17. Calculate the remainder when 4150 is divided by a.
22
Suppose -3*k - m = -338, 313*k + 4*m + 298 = 316*k. Calculate the remainder when 1439 is divided by k.
9
Let m(k) = k**2 + 2*k + 14. Calculate the remainder when 1556 is divided by m(-4).
16
Let k be (0 + (-18)/(-5))*5. Suppose 15*y = k*y - 36. Calculate the remainder when 44 is divided by y.
8
Let y = -355 - -358. Suppose b - 5*b = -y*c + 278, -474 = -5*c - 4*b. Calculate the remainder when c is divided by 12.
10
Let u be 6/12*2*-2. Suppose -2*t - 3*t = 2*l - 47, 5*t = -4*l + 79. Calculate the remainder when (70/(-7)*1)/(u/6) is divided by l.
14
Let g(j) = -2*j**3 + 36*j**2 + 10*j - 14. Let r = -662 - -680. What is the remainder when g(r) is divided by 28?
26
Let r = 100 - 60. Suppose 0*n - r = -5*n. Suppose o + 5*v = 63, -321 = 4*o - n*o + 3*v. Calculate the remainder when o is divided by 27.
24
Let m(p) = p**3 - 3*p**2 - 3*p + 9. Let j = -162 + 166. What is the remainder when m(j) is divided by 9?
4
Let q(r) = -380*r + 5157. Calculate the remainder when q(10) is divided by 14.
13
Let c be (-21)/(-6)*(-60)/(-70). Let k be 13/2*(2 - 0). Suppose -120 = -k*y + c*y. Calculate the remainder when 46 is divided by y.
10
Suppose 0 = -8*k - 7 + 359. Calculate the remainder when 322 is divided by k.
14
Let b(v) = v**3 - 13*v**2 - 138*v + 539. Suppose 5*d - 67 = -2*p, 5*p = 2*d - d - 35. What is the remainder when b(19) is divided by d?
8
Suppose 11 = 4*r - 17. Let s(n) = 81*n**2 + 13*n - 11. What is the remainder when s(1) is divided by r?
6
Let h(l) = -2*l**2 + 20*l + 1. Let m(a) = a**3 - a**2 - a - 1. Let i be m(0). Let z be (5 - 10 - 4)/i. What is the remainder when 92 is divided by h(z)?
16
Let g be 3/((-9)/(-156)) + (6 - 7). Suppose -4*o - 4*t = -188, -t - 6 - g = -o. Calculate the remainder when o is divided by 28.
24
Let y(g) = 0 - 20*g + 3*g**2 - 33 + 16. Calculate the remainder when 89 is divided by y(9).
43
Suppose 2*d - 2825 = -11*c - 1157, 0 = -d + 5*c + 834. Calculate the remainder when d is divided by 56.
50
Let b(c) = 25*c**2 + 23*c - 1. Let o be b(-1). Let h = -27 + 44. Let j = o + h. What is the remainder when j is divided by 5?
3
Suppose 4*t - t - 15 = 0. Suppose 73*h = -98*h + 21*h + 1800. What is the remainder when h is divided by t?
2
Let q(a) = 55*a**2 - 7*a + 3. Let i(o) = -4*o + 50. Let l be i(12). What is the remainder when q(l) is divided by 30?
29
Let l(i) = 3*i**2 - 14*i - 11. Let w be l(-2). Suppose 258 = j - w. Calculate the remainder when j is divided by 36.
35
Suppose -179*r - 72*r + 10040 = 0. Calculate the remainder when 2279 is divided by r.
39
Let c = -38923 + 40021. What is the remainder when c is divided by 42?
6
Suppose 7 + 5 = o. Suppose 0 = -7*s - 16 - o. What is the remainder when (-2632)/(-77) + 1/(22/s) is divided by 18?
16
Let y(j) = -343*j + 54. Calculate the remainder when y(-1) is divided by 51.
40
Suppose 0 = -231*n + 226*n + 35 + 95. What is the remainder when 113 is divided by n?
9
Suppose 261*t = 217*t + 198924. Calculate the remainder when t is divided by 14.
13
Suppose -4 = 14*f - 15*f. What is the remainder when 38 is divided by (f - (-87)/(-6))/1*-2?
17
Let r(i) = i**3 - 7*i**2 - 7*i + 21. Let p(y) = -2*y**3 - 7*y**2 - 5*y + 2. Let l be p(-3). What is the remainder when r(l) is divided by 4?
1
Let z be -84*((-20)/(-15) - 0). Let b = z - -122. Calculate the remainder when b is divided by 4.
2
Let q be 2/(-4) - 65/(-26). Suppose 4*n = 2*g + 38, -5*n - 9 = g - q*n. What is the remainder when (22/5)/(g/(-150)) is divided by 15?
14
What is the remainder when (1*-8403)/((375/(-500))/(1/2)) is divided by 13?
12
Let o(p) = p**2 + 4*p - 77. Let x be o(7). Calculate the remainder when (-2 + x)/(16/(-296)) is divided by 14.
9
Suppose 3*u + 2*h = 154, 4*h + 264 = -170*u + 175*u. What is the remainder when 671 is divided by u?
47
Let o(f) = 115*f + 2036. What is the remainder when o(17) is divided by 250?
241
Let r = -5515 + 5575. What is the remainder when 1198 is divided by r?
58
Let p(z) = -z**3 + 8*z**2 + 5*z + 1. Suppose -8*g - g + 54 = 0. Let n = 139 - 103. Calculate the remainder when p(g) is divided by n.
31
Let d(l) = -l**3 - 8*l**2 - 3*l + 15. Suppose -4 = -6*f + 8. Let s = f - 10. Calculate the remainder when d(s) is divided by 14.
11
Let f(h) = -h**2 + 8*h - 6. Let x be f(6). Suppose -x*k = -4*k - 70. Let j = -57 - -194. Calculate the remainder when j is divided by k.
32
Suppose 755*f + 228 = 767*f. Let j(k) = 3*k**3 - 4*k**2 - k + 6. What is the remainder when j(3) is divided by f?
10
Let u = 1775 - 1762. Let m(p) = -p**2 + 24*p + 30. Calculate the remainder when u is divided by m(25).
3
Let t(s) = -s**3 - 3*s**2 + 8*s + 19. Let n be t(-4). Suppose -4*q = -20, n*q + q - 32 = -3*z. What is the remainder when z*37/24*6 is divided by 21?
16
Calculate the remainder when 950 is divided by ((-4)/(-14))/(1/287 - 0).
48
Let t(c) = 7*c - 3. Let y be (-2)/1*(-1 + 2)*-4. Suppose -2*r = -y*r + 132. Calculate the remainder when t(6) is divided by r.
17
Suppose 20*n + 20328 = 262*n. Calculate the remainder when 386 is divided by n.
50
Calculate the remainder when (-4)/(-26) - (-7 + 7 + 187912/(-104)) is divided by 201.
199
Suppose 5*i - 5*p - 30094 = 6591, 2*i - 14709 = -5*p. Calculate the remainder when i is divided by 65.
62
Let k(r) = -114*r - 1048. What is the remainder when 491 is divided by k(-10)?
31
Let p = 37643 - 37227. Calculate the remainder when 7484 is divided by p.
412
Suppose 2*p + u = 21, 4*u + 19 = 3*p + 3*u. Suppose 22 = k + 4*h, -14 = -7*k + p*k - 5*h. Calculate the remainder when 23 is divided by k.
5
Let a be (4 + -7)*(-88)/(-12). Let l = a - -35. Suppose -108 = l*n - 15*n. What is the remainder when n is divided by 14?
12
Let x be 6/5 + (-13744)/(-80). Let c = x - 65. What is the remainder when c is divided by 22?
20
Let m = 1043 - 932. Calculate the remainder when 636 is divided by m.
81
Suppose 0*o - 4 = -o. Suppose -6*z = o*z - 630. Suppose -4*h = -17 - z. What is the remainder when 39 is divided by h?
19
Suppose m - 4*w + 20 = 0, -2*w + 10 = 16*m - 13*m. Suppose 9*b - 307 - 215 = m. Calculate the remainder when b is divided by 12.
10
Suppose 3*g = -5*b - 2*g + 45, 0 = b - 2*g - 24. Suppose b*t - 18*t = -528. What is the remainder when t is divided by 68?
64
Suppose 0 = 60*n - 185 - 394 - 261. Let r = 344 + -180. Calculate the remainder when r is divided by n.
10
Suppose -3*d + 30 = -d. Let l(g) be the second derivative of 5*g**3/6 - 13*g**2 - 675*g. What is the remainder when l(d) is divided by 13?
10
Suppose -3*y = y - 92. Let g(n) = -n**3 - 9*n**2 - 16*n - 54. Let v = -147 + 138. What is the remainder when g(v) is divided by y?
21
Suppose -499*k = -551*k + 8008. Calculate the remainder when 763 is divided by k.
147
Let a = -1931 + 2012. What is the remainder when 138 is divided by a?
57
Suppose -h - h + 8 = 0. What is the remainder when -24*(-246)/16 + -35 is divided by h?
2
Let x = -9130 + 9133. Calculate the remainder when 1267 is divided by x.
1
Let g = -6743 + 6750. Calculate the remainder when 384 is divided by g.
6
L